2*-2*(-3)/(-12). Let z(c) = 2*c + 4. Let p(k) = 2*k + 3. Let j(r) = -3*p(r) + 4*z(r). What is the remainder when j(t) is divided by 10?
9
Suppose 13*g + 3*g - 48 = 0. Calculate the remainder when 20 is divided by g.
2
Suppose 0 = -5*j + y + 114, -5*j + y = -2*y - 122. What is the remainder when 65 is divided by j?
21
Let d = 6 - 6. Suppose 2*j - 32 = -d*j. Calculate the remainder when j is divided by 9.
7
Suppose -15 = -5*i, 2*h + 0*h - i = 5. Suppose 4*z - 156 = -2*o, h*z - 2*o - 110 = z. Calculate the remainder when z is divided by 10.
8
Let v(o) = 3*o**2 + 4*o + 13. What is the remainder when v(-5) is divided by 18?
14
Let a = 2 - 2. Suppose -b - b + 6 = a. What is the remainder when 2/7 - 1960/(-343) is divided by b?
0
Suppose 2*v - 4*v = -8. Calculate the remainder when 14 is divided by v.
2
Let s(m) = -m + 1. Let x be s(5). Suppose 3*w = w + 28. Let f = x + w. Calculate the remainder when f is divided by 4.
2
Let x be ((-4)/8)/(4/(-24)). Suppose -9 = -4*g + 3*b, x*b = 3*g - 0*b - 3. Calculate the remainder when 20 is divided by g.
2
Suppose 0 = 2*u - 6*u + 8. Suppose -u*a + 2 = -3*r, 0 = -6*a + a + 4*r + 19. Let q(o) = -o + 9. What is the remainder when 3 is divided by q(a)?
1
Let n = -20 - -14. Let l = n + 17. What is the remainder when l is divided by 6?
5
Let q(f) = -f**3 + 4*f**2 + f. Calculate the remainder when 34 is divided by q(3).
10
Suppose -71 - 14 = -5*n. What is the remainder when -3*n/(-3)*1 is divided by 2 + -3 + -1 + 11?
8
Calculate the remainder when 43 is divided by (-5)/(22/6 - 4).
13
Suppose 5*s - 7*s + 202 = 0. Calculate the remainder when s is divided by 26.
23
Suppose 0 = 3*v - 302 - 202. Calculate the remainder when v is divided by 34.
32
Suppose 0 = -4*v + v + 105. Calculate the remainder when v is divided by 6.
5
Let j = -35 - -158. Suppose -2*t = -5*b + j, -3*b + 4*t = 2*b - 131. Calculate the remainder when 67 is divided by b.
21
Suppose -1 - 13 = -r. Calculate the remainder when 26 is divided by r.
12
Let q(x) = 5*x - 10 - x - x**2 + 7*x. Suppose -3*d - 92 = -4*c, 4*c - 3*d + 38 = 5*c. Calculate the remainder when c is divided by q(8).
12
Suppose 10*c - 15*c = -65. Suppose -3*r = 2*r - 10. Let i = c - r. Calculate the remainder when 31 is divided by i.
9
Let g(r) be the third derivative of 1/6*r**3 + 23/60*r**5 + 0*r**4 - 3*r**2 + 0*r + 0. Calculate the remainder when 46 is divided by g(-1).
22
What is the remainder when 105 - (2 - 0*1/4) is divided by 12?
7
Suppose 21 = 5*h - 14. Let o = h + 19. Calculate the remainder when o is divided by 9.
8
Suppose -5*c + 5*k = -130, c + 2*k - 29 = -0*k. Calculate the remainder when 107 is divided by c.
26
Suppose -4*z + 0*z - 8 = 0. Let x be 18/(-9) + z*35. Let g = x + 149. Calculate the remainder when g is divided by 26.
25
Suppose 0 = -2*g - 1 + 3. Let d(q) = 27*q - 1. Calculate the remainder when d(g) is divided by 9.
8
Let n = -14 - -6. Let x = 0 - n. Calculate the remainder when 22 is divided by x.
6
Suppose 28 = 2*b + 4*f, 1 = -2*b + b - 5*f. Calculate the remainder when b is divided by 10.
4
Suppose 2*h - 2*q + 26 = 3*h, 5*q = 0. Let o = -20 + 34. Calculate the remainder when h is divided by o.
12
Suppose -124 = -5*q + q. What is the remainder when q is divided by 17?
14
Suppose -16 = -2*d + 6. Suppose 22*l + d = 23*l. What is the remainder when 20 is divided by l?
9
Let f(n) = 8 - 8*n**3 - 6*n + 3*n**2 + 5*n**2 + 7*n**3. Calculate the remainder when 28 is divided by f(7).
13
Let b(o) = -10*o. Let s be b(-9). Suppose 0*d - d - 3*g = -45, -2*d + 5*g = -s. What is the remainder when d is divided by 16?
13
Let u(b) = -20*b + 2 + 15*b + 15*b + b**2. What is the remainder when 35 is divided by u(-11)?
9
Let g = 80 - 34. Let u be (-58)/8*(1 + -5). Let j = g - u. What is the remainder when j is divided by 6?
5
Let w = 15 + -9. What is the remainder when 38*(-1 + w/4) is divided by 7?
5
Suppose 105 = -p - 5*k, 4*p = 5*k - 86 - 259. Let c = -43 - p. Calculate the remainder when c is divided by 16.
15
Suppose -l - 2*l = -q - 44, -4*q - 8 = 0. Calculate the remainder when 27 is divided by l.
13
Suppose 51 = -r + 4*r - 3*a, -4*a = 12. Let o be 14/63 + (-40)/18. What is the remainder when r is divided by o/(6/(-15) - 0)?
4
Let p = -127 + 67. Suppose 434 = 5*h + u + u, 4*h - 3*u - 338 = 0. Let d = p + h. What is the remainder when d is divided by 9?
8
Suppose 1 - 31 = -5*y. Suppose y = u - 3. Calculate the remainder when 33 is divided by u.
6
Suppose -l + 3*x = l - 25, -5*x = -3*l + 38. Calculate the remainder when (1 + -1 + 2)*20 is divided by l.
7
Let h(o) = o. Let u be h(3). Let i = 18 - u. Calculate the remainder when 44 is divided by i.
14
Let i(q) = q + 12. Let d(u) = -3*u - 6 - 3*u - 2*u. What is the remainder when d(-5) is divided by i(0)?
10
Calculate the remainder when (-3)/9*1*-351 is divided by 30.
27
Suppose 3*l + 2*l = 195. Calculate the remainder when l is divided by 20.
19
Suppose 58 = p + 140. Let c = p - -54. What is the remainder when (c/(-6))/((-10)/(-45)) is divided by 11?
10
Suppose -3*r + 75 = 12. Calculate the remainder when r is divided by 8.
5
What is the remainder when (6 - 39)*2/(-3) is divided by 6?
4
Suppose -w - 3*h + 17 = -2, -5*w + 129 = -2*h. Let r = -14 + w. What is the remainder when r is divided by 4?
3
Calculate the remainder when 1465/25 + (-2)/(-5) is divided by 20.
19
Suppose -z + 2*d = -3*z + 36, -4*d - 32 = -4*z. Let b(p) = p**2 - 2*p - 3. What is the remainder when z is divided by b(-2)?
3
Let c(s) = -10*s - 5. Let f(v) = -v**2 - 8*v - 1. Let d be f(-8). Let n be d + -6*(-3)/(-6). Calculate the remainder when c(n) is divided by 9.
8
Suppose 2*q + 2 - 10 = 0. Suppose -2*x = q - 14. Let w = x - -14. What is the remainder when w is divided by 7?
5
Let p = 10 + 2. Let f be (-1 - 3/(-9))*102. Let k = -46 - f. Calculate the remainder when k is divided by p.
10
Let v(m) = m**2 + 4*m - 3. Let b(t) = t**2 - 8*t + 7. Let q be b(6). Let x be v(q). What is the remainder when x*-1 + 1 + 17 is divided by 6?
4
Let h = -37 + 56. What is the remainder when 55 is divided by h?
17
Suppose 0*k = 4*k + 4. Let g(l) = 3*l - 3. Let o(j) = j - 1. Let h(r) = -3*g(r) + 8*o(r). What is the remainder when 3 is divided by h(k)?
1
Let c(z) = 9*z + 3. Calculate the remainder when c(10) is divided by 32.
29
Suppose m = 6*m. Suppose 0 = -3*i + 4*g + 69, 5*i - 4*g - 115 = -m*i. What is the remainder when 67 is divided by i?
21
Let f(q) = -q + 4. Let l be 2 + 0 + 2 - 0. Suppose -2*p = -5*s + 2 + 10, 7 = l*s + p. What is the remainder when s is divided by f(3)?
0
Suppose o - 2*n = -7*n + 20, 0 = -o - 2*n + 8. Suppose -2*w - 4*d - 4 - 4 = o, 5*d = -15. Calculate the remainder when 2 is divided by w.
0
Let z(p) = p**3 - 5*p**2 + 2. Let i be z(5). Calculate the remainder when 22 is divided by i - (0 + (-9 - 1)).
10
Suppose -a - 14 = -5*y, 0 = -3*a + 3*y + 16 + 2. Let z = 16 - a. Let t = -24 + 31. Calculate the remainder when t is divided by z.
2
Let z(s) = -s**2 - 6*s - 3. Let g be z(-4). Suppose g*o - 54 = -3*t, -2*t + 15 = o - 0*t. Calculate the remainder when 25 is divided by o.
7
Suppose a - 3*a + 6 = 0. Calculate the remainder when -9 - -12 - (0 + -2 + 0) is divided by a.
2
Let d(m) = -m - 10. Let j be d(9). Let b = 32 + j. Suppose -76 = x - 3*x. Calculate the remainder when x is divided by b.
12
Let l(b) = 0*b + 4*b - 5 + 0*b - 5*b. Calculate the remainder when 11 is divided by l(-11).
5
Let s(f) = f**2 - 3*f + 2. Let j(w) = w**3 + 7*w**2 + 7*w + 2. Let m be j(-6). Let o = -3 - m. What is the remainder when s(3) is divided by o?
0
Let h = -30 - -39. What is the remainder when 35 is divided by h?
8
Suppose -9 = -4*g - 1. What is the remainder when ((-2)/g + -2)*-5 is divided by 9?
6
Suppose 22 = 34*p - 33*p. Calculate the remainder when 74 is divided by p.
8
Suppose j - 28 = 19. Let h = j - 28. What is the remainder when 54 is divided by h?
16
Suppose i + 121 = 5*j, j + 5*i - 120 = -3*j. What is the remainder when j is divided by (2*2/(-6))/(14/(-147))?
4
Let c(j) = -j**2 + 9*j - 5. Suppose 2*q - 23 = -5*z + 3*q, 0 = -4*z - 2*q + 10. Calculate the remainder when c(6) is divided by z/(-6) - (-69)/9.
6
Suppose -5*z - 104 = -3*y - 406, 0 = -4*z - 5*y + 249. Calculate the remainder when z is divided by 16.
13
Let g = -27 - -112. Suppose 0 = 3*h - 8 - g. Calculate the